base 5) to base 10.
47170
What is 191c0d (base 16) in base 12?
674379
22538 (base 15) to base 7
633206
What is 7a7890 (base 16) in base 10?
8026256
-2c333 (base 13) to base 8
-244103
Convert -339b34 (base 15) to base 5.
-1112303044
What is -21201021211 (base 3) in base 11?
-a409a
13002130000 (base 4) to base 11
1050196
What is -606882 (base 13) in base 6?
-120021250
Convert -16ccc (base 15) to base 10.
-73767
What is -283150 (base 9) in base 13?
-6090c
Convert 11a630 (base 11) to base 10.
189761
Convert -2102334 (base 5) to base 13.
-12a59
1969722 (base 11) to base 12
1142358
Convert 144215 (base 9) to base 12.
43195
Convert 78465a (base 13) to base 11.
166887a
What is 683767 (base 15) in base 4?
102332013313
What is -120321230 (base 5) in base 12?
-22a8a2
What is 11c9ab (base 14) in base 4?
2111030023
3033111221 (base 4) to base 14
1816d3
Convert -18b8621 (base 13) to base 10.
-8129941
Convert -112303103 (base 5) to base 8.
-1743522
Convert -12153031 (base 7) to base 14.
-204a88
Convert -407725 (base 9) to base 13.
-8613b
What is -3a990 (base 13) in base 11?
-75126
5655514 (base 7) to base 2
10101011101001010111
What is -95029 (base 14) in base 2?
-1010111110001001101
120501053 (base 6) to base 14
434585
-134716 (base 11) to base 8
-634332
1285754 (base 9) to base 11
442710
Convert 929861 (base 11) to base 15.
1e7005
Convert -1101001001011110000 (base 2) to base 12.
-1893a8
What is 103311044 (base 5) in base 2?
1101101010010100001
Convert 1122422233 (base 5) to base 9.
4708461
Convert 1221102131 (base 4) to base 15.
87bab
-312122202 (base 4) to base 16
-366a2
What is -2321212 (base 4) in base 6?
-130554
What is 65c79 (base 14) in base 9?
415333
What is -187176 (base 10) in base 4?
-231230220
-b2c4 (base 15) to base 5
-2202014
12000211121201 (base 3) to base 6
133150114
What is -177d (base 15) in base 6?
-35244
-245038 (base 9) to base 16
-24236
7507342 (base 8) to base 2
111101000111011100010
What is 749b (base 15) in base 3?
1020211202
Convert 15a7e2 (base 16) to base 2.
101011010011111100010
-42677111 (base 8) to base 14
-12dd801
What is -16519 (base 13) in base 4?
-22121302
What is 250306632 (base 7) in base 10?
15700113
1321727 (base 8) to base 9
623022
141135566 (base 7) to base 10
9202640
What is 6882075 (base 10) in base 8?
32201433
Convert 301a60 (base 16) to base 5.
1301334410
7620e (base 15) to base 3
201001112012
Convert -192922 (base 12) to base 8.
-1533652
Convert -5360136 (base 9) to base 13.
-7980c0
1111101000101110100 (base 2) to base 13
14c2a3
-1001001111000011110100 (base 2) to base 5
-1104432410
What is -223202230230 (base 4) in base 13?
-2498544
What is 1499339 (base 10) in base 14?
2b0599
What is 10d5c9 (base 15) in base 14?
16d2cc
-1011000110001000 (base 2) to base 8
-130610
What is 102220010 (base 3) in base 14?
3234
2000811 (base 10) to base 8
7503653
-3217536 (base 10) to base 11
-18a8423
Convert -b69 (base 14) to base 6.
-14225
Convert -20022010020 (base 3) to base 5.
-12432032
What is -b0417 (base 12) in base 5?
-24304231
-3c66a (base 13) to base 6
-2231501
What is 13055442 (base 6) in base 12?
187582
Convert -42895 (base 16) to base 9.
-454754
3230113001 (base 4) to base 11
601408
What is -2633181 (base 9) in base 6?
-50502544
What is 4c10b (base 13) in base 3?
21011010101
Convert 201323010 (base 5) to base 12.
32b634
239bc6 (base 14) to base 12
4a8996
Convert -74cab6 (base 13) to base 16.
-29d4fa
What is 1233633 (base 7) in base 4?
213001011
Convert -506a549 (base 11) to base 4.
-202023122003
Convert 2aa87 (base 11) to base 4.
22231321
What is -890650 (base 10) in base 11?
-559182
Convert 6135602 (base 12) to base 8.
105442042
Convert 54355150 (base 7) to base 9.
8671064
32423133 (base 5) to base 15
57d7d
Convert 11120120002202 (base 3) to base 10.
2432018
What is 1127b79 (base 12) in base 14?
619005
Convert -a8a9 (base 11) to base 9.
-21666
Convert -4460074 (base 8) to base 4.
-10212000330
Convert -60696 (base 12) to base 4.
-132213102
-141414023 (base 5) to base 12
-2b3a04
Convert 106335 (base 9) to base 2.
1111100011010010
-108411 (base 10) to base 3
-12111201020
What is 103611544 (base 8) in base 9?
36376263
Convert -15485b9 (base 12) to base 7.
-51533262
Convert -5b432 (base 14) to base 12.
-a9130
9dd7 (base 14) to base 10
27433
What is -31201246 (base 7) in base 14?
-4c395d
Convert -1087080 (base 9) to base 15.
-b9839
Convert 4143a (base 11) to base 9.
101785
-1637333 (base 8) to base 6
-14102203
What is -1373075 (base 10) in base 6?
-45232455
What is 61a139 (base 13) in base 7?
25236606
What is -14213321 (base 5) in base 13?
-52468
What is 13936913 (base 10) in base 14?
1bcb09b
11011111101010010111 (base 2) to base 10
916119
11111101001110010 (base 2) to base 3
20120211212
What is -2000120120 (base 3) in base 9?
-60516
791dd (base 14) to base 12
12217b
1202350 (base 7) to base 15
30121
79a4a (base 15) to base 9
648857
What is 455151 (base 10) in base 9?
763313
What is 108b0a (base 12) in base 9?
442431
What is 1011101010100011 (base 2) in base 10?
47779
Convert aa959 (base 11) to base 6.
3240441
Convert 389455 (base 12) to base 2.
11100010101101000001
Convert 11158b (base 12) to base 3.
111211021122
What is -10000011101010100010 (base 2) in base 4?
-2003222202
What is -275233 (base 10) in base 11?
-178872
17448 (base 10) to base 14
6504
Convert 1436221 (base 7) to base 3.
100212110111
What is 1204323 (base 6) in base 16?
f6db
What is -81385 (base 9) in base 13?
-1b4a3
Convert 201333010 (base 4) to base 15.
2b3a4
-cedda (base 15) to base 4
-2200213120
Convert 59586 (base 10) to base 11.
4084a
What is 60400 (base 14) in base 15?
487da
What is -211822 (base 10) in base 13?
-75550
-4816612 (base 10) to base 15
-652227
What is 6035a6 (base 15) in base 6?
241522320
Convert 43443022 (base 5) to base 10.
374762
Convert 34821c (base 14) to base 9.
3326660
Convert 323537 (base 8) to base 14.
2b6d9
-3707616 (base 10) to base 11
-2102650
-11300104 (base 5) to base 10
-103154
Convert 373d4 (base 16) to base 4.
313033110
Convert -a029a (base 14) to base 6.
-12124544
74505 (base 8) to base 12
15b71
What is -261158 (base 12) in base 11?
-396921
What is 62300 (base 9) in base 7?
230505
-527117 (base 8) to base 10
-175695
-1bd1e (base 16) to base 6
-2235314
-1a76465 (base 11) to base 9
-6513561
What is -134ae (base 16) in base 10?
-79022
What is 1111000011100010 (base 2) in base 3?
10010120221
Convert -3202111 (base 4) to base 10.
-14485
What is 3010112 (base 7) in base 5?
42333111
177ba10 (base 13) to base 3
112101202002201
270b51 (base 12) to base 11
400214
Convert 11010221002 (base 3) to base 2.
10011111010111100
What is 1561422 (base 7) in base 12?
a5459
-7cc33a (base 13) to base 14
-573c63
Convert 6785 (base 14) to base 16.
4621
Convert 151462 (base 10) to base 8.
447646
21002120010 (base 3) to base 8
420577
What is 366316 (base 9) in base 6?
4423453
What is -5671a (base 13) in base 3?
-21222121222
Convert 137661 (base 8) to base 2.
1011111110110001
What is -402016 (base 8) in base 5?
-13211420
What is 42720 (base 11) in base 10?
62095
What is 31a297 (base 12) in base 2?
10111111101000010011
Convert -486d05 (base 16) to base 6.
-245422313
11110010111010100111 (base 2) to base 6
33154223
Convert 31033243 (base 5) to base 16.
3d9a3
What is 3304341020 (base 5) in base 7?
114253334
What is -45552230 (base 7) in base 8?
-17133776
-59b64a (base 13) to base 7
-24115305
1784561 (base 13) to base 6
432133432
-6c0813 (base 14) to base 11
-209aaa0
-57669 (base 12) to base 6
-2300213
What is -4527 (base 12) in base 13?
-3646
-3aab2 (base 15) to base 13
-6778a
Convert 40095 (base 11) to base 13.
2091c
What is 11113321203 (base 4) in base 5?
330033421
470021 (base 8) to base 12
78555
Convert -4dea3d (base 15) to base 12.
-1307427
368a602 (base 11) to base 16
61d77b
1221331311 (base 4) to base 10
434037
Convert 1101100111110000111101 (base 2) to base 14.
68d417
Convert -33204240 (base 5) to base 15.
-5a54a
What is -310510 (base 7) in base 11?
-3696a
What is -7620a (base 13) in base 8?
-640721
What is 1534bb (base 12) in base 7?
3021641
1042424 (base 7) to base 13
4643c
What is -cb76d (base 15) in base 7?
-5331160
-1c34b3 (base 13) to base 6
-23243554
What is 451253 (base 7) in base 6?
1413012
-123034133 (base 6) to base 7
-261601